3?
112130212213
In base 6, what is -35243 + -12?
-35255
In base 4, what is -3323 - 1111111021?
-1111121010
In base 12, what is 1a - -996167?
996185
In base 16, what is -2 + 3e88945?
3e88943
In base 10, what is -7406 + 17832?
10426
In base 12, what is -45999 - 291?
-4606a
In base 8, what is 5 + 7540507?
7540514
In base 12, what is -79180a0 - 7?
-79180a7
In base 5, what is 100 - 240130412?
-240130312
In base 8, what is 4126150 - 373?
4125555
In base 4, what is -1302231222332 + 3?
-1302231222323
In base 10, what is 13864247 - 1?
13864246
In base 3, what is 22212111000222 + 10?
22212111001002
In base 9, what is 2201 - -74574?
76775
In base 6, what is -1 - -1152150540?
1152150535
In base 12, what is -698 + -6b90?
-7668
In base 15, what is 2340e9 - 0?
2340e9
In base 7, what is -2210 + 16164?
13654
In base 3, what is 1002022020002 - 1201?
1002022011101
In base 2, what is -10000000011111110100 - 10111010?
-10000000100010101110
In base 7, what is -2051 - 216426?
-221510
In base 11, what is 4 - 28114967?
-28114963
In base 9, what is 636 - -32841?
33577
In base 12, what is -22 + -30b89?
-30bab
In base 13, what is -271 - a0?
-341
In base 8, what is 120 - -75256040?
75256160
In base 10, what is 4 + -2419046?
-2419042
In base 8, what is -2 - -15506250?
15506246
In base 15, what is -26cb9d + 1?
-26cb9c
In base 12, what is -1863 - 9243?
-aaa6
In base 6, what is 231322 + 411?
232133
In base 5, what is -23333221433 + -1?
-23333221434
In base 3, what is -2 - 21200120001211?
-21200120001220
In base 3, what is -2020021021121 + 21?
-2020021021100
In base 4, what is 3332133233 - -11312?
3332211211
In base 14, what is 0 - -a602a75?
a602a75
In base 9, what is 5328 + -4855?
363
In base 15, what is a03ec3 - -5a?
a0402d
In base 10, what is -6 + -157966?
-157972
In base 8, what is 550544 - 164?
550360
In base 16, what is 2 - cd920?
-cd91e
In base 9, what is 356353 - -710?
357163
In base 14, what is 0 - -3077cc?
3077cc
In base 12, what is 3 + -69a36023?
-69a36020
In base 3, what is -11002 + -1101011121?
-1101022200
In base 10, what is -227440 + 111?
-227329
In base 8, what is 4314 + -214?
4100
In base 9, what is -243341 - -88?
-243242
In base 8, what is -212537622 + 1?
-212537621
In base 5, what is -1112411004213 + -10?
-1112411004223
In base 13, what is 24 - -641194?
6411b8
In base 15, what is -17 - 107ccd?
-107ce5
In base 8, what is 2046006 - -7?
2046015
In base 6, what is -121 + 3410553?
3410432
In base 4, what is -131011013212 - -2?
-131011013210
In base 8, what is 3112 + 7532?
12644
In base 10, what is -8 + 169670?
169662
In base 11, what is -1770816 - 8?
-1770823
In base 3, what is -1 + -21122210?
-21122211
In base 3, what is -20111221 - 202111100?
-1000000021
In base 4, what is -300302 - 32222222?
-33123130
In base 11, what is -1 + 4551a5a5?
4551a5a4
In base 8, what is 521 - -202270?
203011
In base 15, what is 4 + 313d52?
313d56
In base 7, what is -1655 - -11021?
6033
In base 13, what is -84 + 3767?
36b3
In base 16, what is -e091 + 5dc?
-dab5
In base 2, what is -11011001001001001100001111 - 100?
-11011001001001001100010011
In base 8, what is 170430513 - -71?
170430604
In base 12, what is -18a9b913 - -1?
-18a9b912
In base 11, what is -4 + -2153466?
-215346a
In base 15, what is -a - 2bb99ca?
-2bb99d5
In base 9, what is -2170 - 42448?
-44628
In base 14, what is -18554c1 - -5?
-18554ba
In base 15, what is -444 + -123a8?
-127ec
In base 10, what is -10 + -3735547?
-3735557
In base 7, what is 1332555 + 3?
1332561
In base 2, what is -1110111000010111011 - -1111?
-1110111000010101100
In base 16, what is 4f4a + 11?
4f5b
In base 2, what is 10 + 1100001000111110000010010?
1100001000111110000010100
In base 15, what is -86 + a51a5?
a511e
In base 8, what is -5236105 + -10?
-5236115
In base 5, what is 11344422114 + 3?
11344422122
In base 15, what is -198e6a - 76?
-198ee1
In base 15, what is -e6d7 - -9d?
-e639
In base 11, what is 374634a + 6?
3746355
In base 8, what is -2416071 - -100?
-2415771
In base 15, what is -17 - -2002?
1eda
In base 3, what is 22221002010102 - -12?
22221002010121
In base 5, what is -112433 + 43400?
-14033
In base 5, what is -301302234 + 114?
-301302120
In base 5, what is 431301233014 + 2?
431301233021
In base 4, what is 230 - -13310323?
13311213
In base 6, what is 31 + 4441220010?
4441220041
In base 6, what is -501 - -32355133?
32354232
In base 13, what is -699 - 10bba?
-11586
In base 9, what is -15211 + 248?
-14852
In base 13, what is 392 - -26944a?
26980c
In base 16, what is -3e3 - -3c63?
3880
In base 14, what is -353bda0 + -3?
-353bda3
In base 5, what is 432140344322 - 1?
432140344321
In base 8, what is -1435062 + 554?
-1434306
In base 7, what is 16133002 - -12?
16133014
In base 15, what is 835 - -e16?
174b
In base 3, what is -2 + -22002202120011?
-22002202120020
In base 8, what is -1 - -33353430?
33353427
In base 15, what is 57a + -13a7e?
-13504
In base 12, what is 221025a2 + -3?
2210259b
In base 9, what is -158562 - -253?
-158308
In base 15, what is -1cd1b3 + -1d?
-1cd1d1
In base 11, what is -9905 - -1548?
-8368
In base 12, what is -91a + -51657?
-52375
In base 5, what is 1043 + 412212?
413310
In base 16, what is -4e0 - -772e?
724e
In base 13, what is -c26b44 - -2a?
-c26b17
In base 16, what is 135 + 385?
4ba
In base 7, what is 450061645 + 6?
450061654
In base 15, what is -5 + -13e73be1?
-13e73be6
In base 4, what is -21312320000302 - -2?
-21312320000300
In base 4, what is 20130032 - -2?
20130100
In base 16, what is -131b31e + 7?
-131b317
In base 12, what is 142a34 + -445?
1425ab
In base 13, what is -682 + 2816?
2164
In base 12, what is 12b9818 + 5?
12b9821
In base 3, what is 1 - 11121020201200?
-11121020201122
In base 6, what is -4122101 - -3311?
-4114350
In base 13, what is 252 + 48a83?
49005
In base 9, what is 103 - -63642?
63745
In base 4, what is 3321 - -231113131?
231123112
In base 12, what is -5b - 40a5?
-4144
In base 4, what is -1132312 - -2331322?
1133010
In base 14, what is 3749d10b + 4?
3749d111
In base 2, what is -101001110010100100111010101 - -1?
-101001110010100100111010100
In base 8, what is -5002727 + 250?
-5002457
In base 13, what is 512cc36 - 15?
512cc21
In base 5, what is 12042 + 310230?
322322
In base 8, what is -457 + -4151315?
-4151774
In base 15, what is 78 - -bc2de?
bc367
In base 3, what is -2101122210100200 + 1?
-2101122210100122
In base 12, what is 9940a8 + 18?
994104
In base 7, what is 460110 + 20200?
510310
In base 5, what is -22231223432 + 10?
-22231223422
In base 8, what is -26 - -5341340?
5341312
In base 8, what is 1 + 56613167?
56613170
In base 15, what is 953a - 885?
8ba5
In base 4, what is 12132101 - -3?
12132110
In base 8, what is -63463363 + -3?
-63463366
In base 2, what is -11110000000100000 + 11100101?
-11101111100111011
In base 15, what is 638e + -18e?
6200
In base 7, what is -651 + 6056400?
6055416
In base 16, what is c - 60c5f?
-60c53
In base 6, what is 141220 + 453?
142113
In base 10, what is -44 + -107518?
-107562
In base 15, what is 5d - -e806?
e864
In base 8, what is 5 - 1634557224?
-1634557217
In base 6, what is 425055 + -1044?
424011
In base 6, what is 101024 + -32505?
24115
In base 7, what is 0 - 505412611?
-505412611
In base 12, what is -a4 + -61278?
-61360
In base 16, what is 5 - 5354578?
-5354573
In base 5, what is -140323313 - -4?
-140323304
In base 8, what is 322601 - 4070?
316511
In base 8, what is -1703572 - 102?
-1703674
In base 10, what is 111 - 614747?
-614636
In base 6, what is -31 + 102511351?
102511320
In base 8, what is -16 - 2701036?
-2701054
In base 14, what is c8d65 + 217?
c917c
In base 12, what is 12 - 38324?
-38312
In base 6, what is -343 + 21154411?
21154024
In base 4, what is -1100200 - -1100121?
-13
In base 16, what is -46e01 + -1f?
-46e20
In base 7, what is 20030512 - 22?
20030460
In base 2, what is 101 - -10100110001010000000010?
10100110001010000000111
In base 15, what is 128 - 1b7ca?
-1b6a2
In base 9, what is 10115 + 162513?
172628
In base 13, what is -b206 - -5a27?
-54ac
In base 11, what is 4 - 957145?
-957141
In base 10, what is 0 + -9964889?
-9964889
In base 11, what is 53013a + -397?
52a853
In base 12, what is -12a08 - 728?
-13534
In base 16, what is 15d6a07 + -3?
15d6a04
In base 5, what is 2112102 + -1232442?
324110
In base 8, what is 15405 - 36?
15347
In base 12, what is -